mon factor of s and g?
18
Suppose -s + 34 = -4*j, 0*s - j - 33 = -2*s. Let y = 148 + -78. Let w be (24/(-15))/((-4)/y). What is the greatest common factor of w and s?
14
Let o be -9*5/((-15)/4). Suppose 0 = -2*y - y + o. Suppose w = y*w - 36. Calculate the highest common divisor of 24 and w.
12
Suppose 3*o = -m + 6*m + 53, 4*m - 17 = -3*o. Let y be 2 + -1 + (-3 - -13). Calculate the greatest common divisor of y and o.
11
Suppose -4*q = -3*p - 0*p - 18, 3*q - 19 = 5*p. Suppose q - 10 = -y. Suppose -4*x + 0*x + 56 = 0. What is the greatest common factor of x and y?
7
Let q(c) = 6*c**2 - 5*c - 4. Let r(b) = -b**2 + 1. Let i be r(2). Let z be q(i). Suppose 3*l = -2*l + z. What is the greatest common factor of l and 52?
13
Suppose 3*q = -3*z, 4*z + q = -0*q + 3. Let n(r) = 7*r. Let h be n(z). What is the highest common divisor of h and 14?
7
Let m(q) = -27*q - 1. Suppose -5*u = -s + 24, -s - 4*s - 5 = 0. Let p be m(u). Let t = -94 + p. What is the greatest common divisor of t and 5?
5
Let q be (-1 + 0)*-1 + -2. Let f be q/(1 + (-12)/9). Suppose 0 = 2*p - 4*i - 68, 93 = 3*p - f*i - 3. Calculate the greatest common divisor of 15 and p.
15
Let v be 1 + (-44)/33 + 176/6. Calculate the highest common divisor of 377 and v.
29
Let u(q) = q**2 + 2*q - 1. Let y be u(-3). Suppose -3*n + 3*g - g + 32 = 0, -3*g + 12 = 3*n. What is the highest common factor of y and n?
2
Suppose -97 = -5*i + 4*v, -76 - 15 = -5*i + 2*v. Suppose 6*x = x + 425. Suppose -5*g + 0*g = -x. Calculate the highest common divisor of i and g.
17
Let n be 288/(-60)*(0 + -5). Calculate the greatest common factor of n and 192.
24
Suppose 0 = -5*h + 28 + 32. Let w(d) = d + 3. Let i be w(-5). Let s be 3 - i - (2 - 1). What is the greatest common divisor of s and h?
4
Let g(f) = -7*f**2 + 5*f - 6. Let z(r) = r**2 - r - 1. Let t(c) = -g(c) - 6*z(c). Let m be t(0). What is the greatest common factor of m and 60?
12
Suppose 22 = 5*d + 5*q - 3*q, 0 = 2*d + 4*q - 12. Let r be 4*-4*(-28)/16. What is the highest common divisor of r and d?
4
Let g = 88 - 56. Suppose 2 = -o - o. Let q(m) = -49*m - 1. Let c be q(o). What is the greatest common factor of c and g?
16
Suppose -5 = 3*r - 2*r. Let s(a) = -a + 1. Let w be s(r). Calculate the greatest common factor of w and 18.
6
Suppose -7*l + 6 = -71. Let h be (-27)/(-6)*(-22)/(-3). Calculate the highest common divisor of l and h.
11
Let b = 78 + -30. Calculate the highest common divisor of 72 and b.
24
Let b be (-36)/(-16)*4 - (1 - 0). What is the highest common factor of b and 8?
8
Let u(g) = -g**2 + 5*g + 2. Let c be u(6). Let s = c - -8. Let v(a) = -8*a - 4. Let k be v(-6). What is the highest common divisor of s and k?
4
Suppose 0 = 2*z + 7 - 19. Calculate the highest common factor of 6 and z.
6
Suppose 4*z = 550 + 346. What is the greatest common divisor of z and 28?
28
Let a be (2 - (2 - 3)) + 6. Suppose 8*h + 8 = 4*h. Let o be 16 - (-3 + h/(-2)). Calculate the highest common divisor of a and o.
9
Let h(x) = -3*x - 6*x + x - 13 + x**2. Let r be h(11). Suppose -5*u + 281 + 519 = 0. What is the highest common factor of r and u?
20
Suppose s - 32 = -s. What is the highest common factor of s and 32?
16
Suppose 0 = -3*n + 23 + 73. Let c = n - 22. What is the highest common factor of 5 and c?
5
Let d(g) = g - 4. Let y be d(6). Suppose 4 = 6*a - y*a. Let z be 35/4 + a/4. Calculate the greatest common divisor of 45 and z.
9
Suppose 3*x + 13 - 33 = -d, 5*d - 3*x = 10. What is the greatest common factor of 5 and d?
5
Suppose 5*n - 263 = x + 118, -2*x = 2. Suppose -2 = -z + 19. Let u = 40 - z. What is the highest common divisor of u and n?
19
Suppose -2*i + 2 = -4. Suppose i*j - 4 = 2. Calculate the greatest common divisor of 2 and j.
2
Let p be ((-5)/(-2))/(9/18). Suppose p*d = 9*d - 144. What is the greatest common divisor of 4 and d?
4
Let m = 534 - 376. Suppose -4*g + m = -18. What is the highest common divisor of g and 4?
4
Suppose -6*v = 44 - 116. Calculate the greatest common divisor of v and 180.
12
Let l be (-1)/(1/(-1) + (-60)/(-64)). Calculate the greatest common factor of 4 and l.
4
Let x be (-3)/(10/4*(-8)/80). What is the greatest common divisor of 108 and x?
12
Let j = -73 - -81. Calculate the greatest common divisor of j and 64.
8
Let f(i) = 84*i - 2. Suppose -5*t - 2*x = -2 - 17, -5*x + 16 = 2*t. Let n be f(t). Suppose 0*k = 5*k - n. What is the greatest common factor of k and 20?
10
Suppose -w - w = 12. Let u be -1 - w/3 - -7. Calculate the highest common factor of 64 and u.
8
Let t(a) = -a**3 + 5*a**2 - 2*a - 3. Let y be t(4). Suppose 4*k + 3*b - 99 = 4*b, 2*b = y*k - 120. Calculate the highest common divisor of 39 and k.
13
Let y = -14 - -20. What is the greatest common divisor of y and 54?
6
Let t = 6 - 3. Suppose -8*n + t*n = -15. Suppose -n*f + 39 + 3 = 0. Calculate the highest common factor of f and 56.
14
Suppose -3*m = -0*m - 27. Suppose 18 = 11*s - 14*s. Let h = s + m. Calculate the highest common factor of 3 and h.
3
Let k = 24 - 20. Let x be 1/(-2) - 2/(-4). Suppose 0*n + 3*n - 30 = x. What is the greatest common divisor of n and k?
2
Let h(p) = -6*p - 25. Let r be h(-6). Let y = 24 + -34. Let n = r - y. Calculate the greatest common factor of 7 and n.
7
Let q(s) = -s**3 + 6*s**2 - 3*s + 6. Suppose -2*f = -3*w - 7, f + 5*w - 1 = 9. Let l be q(f). What is the greatest common factor of l and 32?
16
Let b(g) = 4*g**2 - 3*g - 3. Let v be 2/5 + (-6)/15. Suppose 0*t = l - t - 8, 4*l - t - 17 = v. Let r be b(l). What is the greatest common factor of r and 6?
6
Let c be (3/6)/(1/12). Suppose -19 = -u - 7. Calculate the greatest common factor of u and c.
6
Suppose 0 = -14*l + 13*l + 25. Let j be 39/8 + (-12)/(-96). Calculate the greatest common divisor of l and j.
5
Suppose -5*x = -0*x - 25, 60 = -5*f + 5*x. Let i = -5 - f. Let q(v) = v**3 + 6*v**2 - 8*v + 3. Let n be q(-7). Calculate the highest common divisor of n and i.
2
Suppose -2*o = -3*r - 160, 5*o - 2*o = 3*r + 246. Suppose -5*x + o + 44 = 0. Calculate the greatest common factor of x and 39.
13
Suppose -5*n + 15 = -0*n. Suppose 1 = -n*r - 2*s, 3 - 13 = 2*s. Let o be ((-6)/r)/(-1) + 10. What is the highest common divisor of 4 and o?
4
Let u = 19 - 8. Suppose -u = -5*l + 19. Let x = l - -15. Calculate the highest common factor of x and 14.
7
Suppose -187*z = -173*z - 924. Let n(s) = 2*s**2 - 4*s. Let r be n(3). Let l(c) = 2*c - 6. Let u be l(r). Calculate the greatest common divisor of z and u.
6
Let x(u) = 7*u**2 + 25*u + 24. Let k(g) = -2*g**2 - 6*g - 6. Let y(s) = -9*k(s) - 2*x(s). Let r be y(-4). Calculate the highest common factor of 6 and r.
6
Let r = -100 - -154. Suppose -4*s + 2*s = -r. Calculate the highest common divisor of 3 and s.
3
Suppose -4*n + 394 = 5*c - 211, 140 = c - 3*n. Calculate the greatest common factor of 50 and c.
25
Let i = 51 + -45. What is the greatest common divisor of i and 54?
6
Let b(t) = 2*t + 5*t**2 + 7*t + 0*t - 2 - t**3 - 2*t. Let o be b(6). Calculate the greatest common factor of 28 and o.
4
Let m(x) = -x**2 - 12*x - 2. Let t be m(-8). Suppose 3*r + 18 - 53 = -5*n, 2*r = 2*n + 18. Calculate the greatest common factor of t and r.
10
Let d(c) = 53*c - 1. Let r be d(1). Let x = 20 + -7. What is the greatest common divisor of x and r?
13
Let s(a) = 56*a**2 - a - 1. Let z be s(-1). Suppose -72*f + 69*f + 21 = 0. What is the highest common divisor of f and z?
7
Let u = 28 + -19. Let i be (8/12)/(2/u). Suppose 3*d = -6*f + 3*f + 54, 5*f + i*d - 82 = 0. What is the greatest common divisor of 126 and f?
14
Let a(n) = -5*n + 4 + 7*n + 2*n. Let x be a(6). Calculate the highest common divisor of x and 7.
7
Let t = -48 + 78. What is the greatest common factor of t and 20?
10
Suppose 0 = -2*u + 5*q - 14, -u - 29 = -4*u - 5*q. Let h(g) = g**2 + 8*g + 12. Let o be h(-9). What is the highest common divisor of o and u?
3
Let v(f) be the second derivative of -8*f**3/3 + f**2/2 - f. Let w be v(-3). Let q = w + 61. Calculate the greatest common divisor of 10 and q.
10
Suppose -2*o = -6*o. Suppose o = -5*d + 4*v + 210, 4*d + v = 141 + 27. Let g be (-3)/(-1 - 0) - -18. What is the greatest common divisor of d and g?
21
Suppose -3*u = 2*u + k - 36, k + 20 = 2*u. What is the highest common divisor of 72 and u?
8
Let r(n) = 3*n + 13. Let z be r(-10). Let x = z - -65. What